6072?
True
Is 46 a factor of 570138?
False
Is 136 a factor of 747260?
False
Does 34 divide 6634114?
True
Is 88 a factor of 1126928?
True
Is 49 a factor of 270263?
False
Is 109 a factor of 47771?
False
Is 365225 a multiple of 175?
True
Is 685930 a multiple of 6?
False
Is 911721 a multiple of 17?
False
Does 25 divide 783920?
False
Does 1566 divide 20410392?
False
Is 66023 a multiple of 36?
False
Is 4 a factor of 3115764?
True
Is 255584 a multiple of 7?
True
Is 165 a factor of 914430?
True
Does 137 divide 2682271?
False
Is 837459 a multiple of 12?
False
Does 22 divide 550?
True
Is 444 a factor of 129204?
True
Is 4130412 a multiple of 66?
True
Does 19 divide 83874?
False
Does 38 divide 3702156?
False
Is 26 a factor of 1322204?
True
Is 253827 a multiple of 17?
True
Is 246 a factor of 76506?
True
Is 10960380 a multiple of 54?
True
Does 16 divide 1193884?
False
Is 89 a factor of 90246?
True
Is 2784366 a multiple of 117?
True
Is 67 a factor of 383623?
False
Is 19056280 a multiple of 20?
True
Is 445460 a multiple of 29?
False
Does 450 divide 761139?
False
Is 5 a factor of 343175?
True
Does 7 divide 447216?
True
Does 9 divide 8722?
False
Is 1053 a factor of 7695324?
True
Does 563 divide 767285?
False
Does 159 divide 177239?
False
Is 4732906 a multiple of 893?
False
Does 160 divide 169086?
False
Is 6 a factor of 140504?
False
Is 2737526 a multiple of 11?
True
Does 545 divide 138975?
True
Does 34 divide 355632?
False
Is 279 a factor of 610731?
True
Is 7862670 a multiple of 306?
True
Is 12 a factor of 94872?
True
Does 65 divide 403065?
True
Is 1367975 a multiple of 118?
False
Is 231481 a multiple of 16?
False
Does 7 divide 260288?
True
Is 21406745 a multiple of 22?
False
Is 4 a factor of 65948?
True
Is 45 a factor of 881460?
True
Is 316860 a multiple of 6?
True
Is 165 a factor of 280512?
False
Is 483834 a multiple of 26?
True
Is 229635 a multiple of 81?
True
Is 23 a factor of 72299?
False
Does 16 divide 8678661?
False
Is 253 a factor of 237061?
True
Is 596 a factor of 576332?
True
Is 195023 a multiple of 220?
False
Is 239 a factor of 356588?
True
Is 1039 a factor of 3774143?
False
Does 31 divide 35650?
True
Is 194 a factor of 404788?
False
Is 56497 a multiple of 8?
False
Is 681498 a multiple of 192?
False
Is 34223 a multiple of 7?
True
Is 185 a factor of 93669?
False
Does 234 divide 18486?
True
Is 4458856 a multiple of 62?
False
Does 73 divide 541441?
True
Is 3 a factor of 140153?
False
Is 279531 a multiple of 459?
True
Is 11 a factor of 24599?
False
Is 262246 a multiple of 2?
True
Is 9169215 a multiple of 15?
True
Is 106 a factor of 814186?
True
Does 117 divide 128698?
False
Does 8 divide 482777?
False
Does 131 divide 124789?
False
Is 135067 even?
False
Is 1477949 a multiple of 11?
True
Is 4 a factor of 2686040?
True
Is 20 a factor of 57960?
True
Is 49517 a multiple of 169?
True
Does 64 divide 869621?
False
Is 167 a factor of 317973?
False
Is 916 a factor of 1192221?
False
Does 2 divide 1376406?
True
Does 876 divide 4856526?
False
Is 88 a factor of 460328?
True
Does 108 divide 86832?
True
Is 4281777 a multiple of 359?
False
Is 270 a factor of 113341?
False
Is 868521 a multiple of 87?
True
Is 78 a factor of 8177754?
True
Does 116 divide 14706309?
False
Does 13 divide 1418422?
False
Is 166 a factor of 2008732?
False
Is 5448554 a multiple of 127?
True
Is 5 a factor of 113069?
False
Is 3 a factor of 128069?
False
Is 85 a factor of 943245?
True
Is 217871 a multiple of 2?
False
Does 350 divide 112709?
False
Is 12 a factor of 10140864?
True
Is 200912 a multiple of 1110?
False
Is 61 a factor of 24140994?
True
Is 222902 a multiple of 5?
False
Is 305656 a multiple of 323?
False
Is 1480450 even?
True
Is 25 a factor of 225364?
False
Does 101 divide 1307142?
True
Is 31 a factor of 472236?
False
Does 27 divide 176013?
True
Is 174570 a multiple of 6?
True
Is 14197249 a multiple of 1353?
False
Does 344 divide 75680?
True
Is 114975 a multiple of 25?
True
Is 9 a factor of 431119?
False
Is 2916441 a multiple of 993?
True
Is 43 a factor of 520773?
True
Is 179172 a multiple of 237?
True
Is 36 a factor of 951480?
True
Is 19468 a multiple of 6?
False
Does 358 divide 83772?
True
Is 880441 a multiple of 149?
True
Is 5138743 a multiple of 23?
False
Is 3558 even?
True
Does 11 divide 603775?
False
Does 13 divide 46541586?
True
Is 4734758 a multiple of 7?
True
Is 724 a factor of 1903477?
False
Is 1533810 a multiple of 3?
True
Is 19697202 a multiple of 54?
True
Does 248 divide 4355872?
True
Does 152 divide 760087?
False
Is 357641 a multiple of 7?
False
Is 11 a factor of 11054?
False
Does 161 divide 69505?
False
Is 8176661 a multiple of 19?
False
Is 7 a factor of 274932?
True
Does 465 divide 1336410?
True
Is 29848 a multiple of 7?
True
Does 378 divide 439299?
False
Is 3593052 a multiple of 171?
True
Is 3490335 a multiple of 45?
True
Does 36 divide 621726?
False
Does 38 divide 822313?
False
Is 7675228 a multiple of 62?
True
Is 145890 a multiple of 48?
False
Is 10 a factor of 1089983?
False
Is 25695 a multiple of 23?
False
Does 70 divide 1843437?
False
Is 388857 a multiple of 8?
False
Does 31 divide 11708395?
False
Is 301 a factor of 398890?
False
Is 103863 a multiple of 267?
True
Is 232986 a multiple of 94?
False
Is 3 a factor of 684544?
False
Is 4 a factor of 77765?
False
Is 14 a factor of 616566?
False
Is 20 a factor of 49320?
True
Does 69 divide 258800?
False
Does 172 divide 7857304?
True
Is 6 a factor of 5260376?
False
Is 5340832 a multiple of 13?
False
Is 58 a factor of 740387?
False
Does 19 divide 53504?
True
Is 237 a factor of 14796005?
False
Is 484 a factor of 4183696?
True
Is 22 a factor of 193820?
True
Does 542 divide 733151?
False
Is 25 a multiple of 5?
True
Does 34 divide 1246882?
True
Does 13 divide 75647?
True
Does 112 divide 3764?
False
Is 21482110 a multiple of 26?
True
Is 9 a factor of 1561472?
False
Does 220 divide 1356080?
True
Does 34 divide 172686?
True
Does 83 divide 28801?
True
Is 42 a factor of 15418723?
False
Is 91 a factor of 15466724?
True
Is 691 a factor of 1890576?
True
Is 6946070 a multiple of 940?
False
Is 2609518 a multiple of 62?
True
Is 352313 a multiple of 40?
False
Does 107 divide 12292?
False
Is 12180 a multiple of 15?
True
Is 19848 a multiple of 6?
True
Does 9 divide 167518?
False
Does 20 divide 1926?
False
Is 43 a factor of 735171?
True
Is 248395 a multiple of 1645?
True
Does 107 divide 1619415?
False
Does 945 divide 6650910?
True
Is 3745002 a multiple of 829?
False
Does 13 divide 158034?
False
Is 1111 a factor of 2506416?
True
Is 11 a factor of 7366253?
False
Does 29 divide 13039475?
False
Is 23 a factor of 809839?
False
Is 1185268 a multiple of 4?
True
Is 439473 a multiple of 171?
False
Is 10 a factor of 2091220?
True
Is 27 a factor of 4585903?
False
Is 6 a factor of 732724?
False
Is 619727 a multiple of 14?
False
Is 75 a factor of 2678?
False
Is 268552 a multiple of 1145?
False
Does 29 divide 10527?
True
Is 84 a factor of 550536?
True
Is 199938 a multiple of 6?
True
Is 298452 a multiple of 38?
True
Is 28 a factor of 63750?
False
Does 50 divide 167898?
False
Does 31 divide 3851?
False
Is 16 a factor of 1106310?
False
Does 33 divide 24876?
False
Does 10 divide 7458?
False
Is 3404438 a multiple of 50?
False
Does 1012 divide 11143132?
True
Does 27 divide 56623?
False
Does 97 divide 93023?
True
Is 172 a factor of 23224246?
False
Does 113 divide 1221530?
True
Is 65208 a multiple of 8?
True
Is 68 a factor of 426292?
True
Does 11 divide 6507413?
True
Is 13086970 a multiple of 26?
True
Does 31 divide 302312?
True
Does 238 divide 86054?
False
Does 20 divide 15557056?
False
Is 30 a factor of 27671?
False
Is 554 a factor of 127866?
False
Is 475170 a multiple of 276?
False
Does 194 divide 452990?
True
Is 9 a factor of 178260?
False
Is 11 a factor of 416002?
False
Is 1128911 a multiple of 13?
False
Is 30 a factor of 159180?
True
Is 56601 a multiple of 19?
True
Does 8 divide 1978032?
True
Is 2931622 a multiple of 94?
False
Is 286149 a multiple of 44?
False
Is 1843335 a multiple of 13?
True
Is 3100916 a multiple of 49?
True
Is 507847 a multiple of 29?
False
Is 2 a factor of 4788?
True
Is 824077 a multiple of 25?
False
Is 1005031 a multiple of 7?
False
Does 198 divide 511828?
False
Does 9 divide 172467?
True
Does 54 divide 153954?
True
Is 36 a factor of 136